sor of 241905 and 15.
15
What is the greatest common divisor of 18 and 200457?
9
Calculate the highest common factor of 50468 and 592.
148
What is the greatest common divisor of 5542156 and 148?
148
What is the greatest common divisor of 951372 and 18?
18
What is the highest common divisor of 168 and 97104?
168
Calculate the greatest common divisor of 5993 and 270607.
461
What is the greatest common divisor of 256 and 18000?
16
Calculate the greatest common factor of 3310 and 36079.
331
What is the highest common factor of 7488 and 73728?
576
What is the greatest common divisor of 123915 and 330?
165
What is the greatest common factor of 13116477 and 33?
33
Calculate the highest common factor of 933 and 404611.
311
Calculate the greatest common divisor of 17818 and 59.
59
Calculate the greatest common factor of 125746 and 2.
2
What is the greatest common divisor of 336 and 116088?
168
What is the greatest common divisor of 1 and 15376?
1
Calculate the greatest common divisor of 206118 and 1254.
66
Calculate the greatest common divisor of 119 and 3251913.
119
Calculate the greatest common factor of 2040 and 26826.
102
Calculate the highest common divisor of 3817 and 121.
11
Calculate the highest common divisor of 175371 and 98.
49
What is the greatest common factor of 6445 and 20?
5
Calculate the highest common factor of 46260 and 140.
20
What is the highest common divisor of 120 and 65016?
24
Calculate the greatest common factor of 96 and 759888.
48
Calculate the greatest common factor of 5875 and 1375.
125
What is the highest common divisor of 1968941 and 622?
311
Calculate the greatest common factor of 21 and 2444883.
21
Calculate the highest common divisor of 35552 and 8787.
101
What is the greatest common factor of 646 and 20060?
34
Calculate the highest common factor of 223 and 125.
1
Calculate the highest common divisor of 534 and 762.
6
Calculate the highest common factor of 245 and 3871.
49
Calculate the highest common factor of 31995 and 6873.
237
What is the greatest common factor of 80535 and 13?
13
What is the greatest common factor of 125 and 10580?
5
Calculate the greatest common factor of 46242 and 93.
3
Calculate the highest common divisor of 12670 and 230.
10
What is the greatest common divisor of 8132 and 173126?
214
Calculate the highest common factor of 13986 and 448.
14
Calculate the greatest common factor of 17140 and 100.
20
Calculate the highest common divisor of 156757 and 68.
17
What is the greatest common divisor of 38 and 137712?
38
Calculate the highest common factor of 10206 and 21.
21
What is the greatest common factor of 252 and 6270600?
84
What is the highest common factor of 23868 and 36?
36
Calculate the greatest common factor of 3871 and 119.
7
What is the highest common divisor of 35092 and 7924?
1132
Calculate the highest common divisor of 2338 and 854.
14
Calculate the highest common factor of 6180 and 160.
20
Calculate the highest common factor of 15492876 and 181.
181
Calculate the greatest common factor of 136647 and 6804.
567
Calculate the greatest common divisor of 196 and 3448.
4
Calculate the greatest common divisor of 322 and 115966.
46
Calculate the highest common divisor of 247 and 136084.
13
Calculate the highest common factor of 9785 and 3708.
103
What is the highest common factor of 209792 and 447?
149
Calculate the greatest common divisor of 95502 and 132.
66
Calculate the highest common divisor of 63488 and 56.
8
Calculate the greatest common factor of 35757 and 12702.
87
What is the highest common factor of 117376 and 1664?
128
What is the greatest common divisor of 7276 and 119?
17
What is the greatest common divisor of 2899307 and 173?
173
What is the greatest common divisor of 56823 and 39?
39
What is the greatest common divisor of 2142 and 408510?
306
What is the greatest common divisor of 11 and 193116?
11
What is the greatest common divisor of 21336 and 80264?
1016
Calculate the greatest common factor of 27474 and 9462.
114
What is the highest common divisor of 1350 and 1710675?
225
What is the highest common factor of 2497 and 176?
11
Calculate the highest common divisor of 517 and 213521.
517
Calculate the highest common factor of 30607 and 254.
127
What is the greatest common factor of 254 and 25273?
127
Calculate the highest common factor of 57 and 87058.
19
Calculate the greatest common factor of 320 and 323776.
64
What is the highest common factor of 13 and 233441?
13
Calculate the highest common divisor of 25 and 685.
5
What is the greatest common divisor of 16 and 2224?
16
What is the highest common divisor of 238974 and 54?
6
What is the greatest common factor of 90276 and 3084?
12
What is the highest common factor of 222021 and 567?
81
What is the highest common divisor of 32 and 8457872?
16
What is the greatest common divisor of 64 and 205472?
32
What is the highest common divisor of 200 and 1537400?
200
Calculate the highest common divisor of 480 and 768.
96
Calculate the highest common divisor of 14 and 6889078.
14
What is the highest common factor of 748803 and 66?
33
Calculate the greatest common divisor of 221 and 102947.
13
What is the greatest common divisor of 3755898 and 62?
62
What is the highest common divisor of 130590 and 1050?
30
Calculate the greatest common factor of 4686 and 698640.
426
Calculate the highest common divisor of 3874 and 375182.
298
Calculate the highest common factor of 5060 and 6809.
11
Calculate the highest common divisor of 8749 and 13.
13
What is the greatest common factor of 208 and 34593?
13
What is the highest common divisor of 291 and 5335?
97
Calculate the highest common divisor of 120146 and 1066.
26
What is the greatest common divisor of 6 and 73776?
6
Calculate the highest common divisor of 527 and 164560.
17
What is the highest common factor of 4 and 1249484?
4
Calculate the highest common divisor of 7 and 288043.
7
Calculate the highest common factor of 250 and 3419750.
250
Calculate the highest common factor of 65429 and 273.
91
Calculate the greatest common factor of 213 and 7952.
71
Calculate the highest common factor of 622 and 3875371.
311
Calculate the highest common divisor of 540 and 184185.
45
Calculate the highest common divisor of 861740 and 660.
220
Calculate the highest common factor of 4658 and 5066.
34
Calculate the greatest common divisor of 3484 and 141772.
268
Calculate the greatest common divisor of 84952 and 56.
56
What is the greatest common divisor of 180 and 916740?
180
Calculate the greatest common factor of 16038 and 1809.
27
Calculate the highest common factor of 34496 and 3773.
539
What is the greatest common divisor of 62 and 29357?
31
Calculate the highest common factor of 1605004 and 544.
68
Calculate the greatest common factor of 1460 and 3880.
20
Calculate the highest common factor of 340 and 137615.
85
Calculate the greatest common factor of 72 and 1701.
9
Calculate the greatest common factor of 1248 and 29856.
96
Calculate the greatest common factor of 2238 and 2689703.
373
Calculate the greatest common divisor of 60310 and 1110.
370
Calculate the highest common divisor of 1095066 and 1512.
378
Calculate the highest common factor of 921672 and 2754.
918
What is the greatest common divisor of 1575 and 684?
9
What is the greatest common divisor of 19 and 6595698?
19
What is the highest common divisor of 1035 and 1143?
9
What is the highest common factor of 1264 and 870264?
632
Calculate the highest common divisor of 1440 and 214920.
360
Calculate the greatest common divisor of 28 and 6632.
4
Calculate the greatest common factor of 995 and 1565.
5
Calculate the highest common divisor of 165 and 20141.
11
Calculate the highest common divisor of 24164 and 672.
28
What is the highest common factor of 312 and 68562?
78
What is the highest common divisor of 16432 and 503704?
632
Calculate the greatest common factor of 162 and 502.
2
What is the greatest common factor of 357 and 2461039?
119
Calculate the highest common factor of 372 and 225.
3
Calculate the greatest common factor of 123 and 210084.
123
What is the greatest common factor of 7 and 1511013?
7
What is the greatest common factor of 177 and 49619?
59
Calculate the greatest common factor of 292 and 237104.
292
Calculate the greatest comm